False
Does 12 divide 471480?
True
Is 2057941 a multiple of 167?
True
Is 33 a factor of 1183070?
False
Does 298 divide 1968455?
False
Is 10 a factor of 58050?
True
Is 91 a factor of 2553741?
False
Is 138 a factor of 2114574?
True
Does 785 divide 8842914?
False
Is 1965600 a multiple of 400?
True
Is 1231922 a multiple of 45?
False
Does 388 divide 48052?
False
Is 982927 a multiple of 11?
True
Is 330 a factor of 422700?
False
Is 1543048 a multiple of 104?
True
Does 101 divide 15092042?
False
Does 1719 divide 5603940?
True
Is 95803 a multiple of 34?
False
Is 37388 a multiple of 139?
False
Is 8991470 a multiple of 17?
True
Does 101 divide 39693?
True
Does 357 divide 214977?
False
Is 2056680 a multiple of 394?
True
Does 353 divide 5889452?
True
Is 13385337 a multiple of 60?
False
Is 7169759 a multiple of 24?
False
Is 1200392 a multiple of 10?
False
Is 470 a factor of 4596600?
True
Is 947392 a multiple of 452?
True
Is 1874404 a multiple of 112?
False
Does 708 divide 1006972?
False
Is 123 a factor of 126075?
True
Is 45 a factor of 3645699?
False
Is 8 a factor of 202112?
True
Does 7 divide 7084?
True
Does 867 divide 27193?
False
Is 190 a factor of 1048351?
False
Is 2 a factor of 93904?
True
Does 289 divide 7939794?
False
Does 15 divide 28755?
True
Does 8 divide 78224?
True
Is 4938854 a multiple of 27?
False
Is 7978325 a multiple of 6?
False
Is 13 a factor of 101886?
False
Does 30 divide 242435?
False
Is 7762234 a multiple of 42?
False
Is 291816 a multiple of 72?
True
Is 1085 a factor of 860475?
False
Is 76245 a multiple of 7?
False
Is 84 a factor of 667998?
False
Is 372 a factor of 316200?
True
Is 1390146 a multiple of 92?
False
Is 327 a factor of 13528785?
False
Is 729849 a multiple of 211?
True
Is 4045030 a multiple of 55?
True
Is 95 a factor of 167044?
False
Is 158 a factor of 1597854?
True
Is 4381470 a multiple of 15?
True
Is 132662 a multiple of 587?
True
Is 14 a factor of 121645?
False
Does 57 divide 59518?
False
Is 22 a factor of 609489?
False
Is 345 a factor of 565110?
True
Is 624000 a multiple of 8?
True
Is 291000 a multiple of 60?
True
Does 393 divide 1276759?
False
Is 13 a factor of 55094?
True
Is 267030 a multiple of 445?
False
Is 150919 a multiple of 327?
False
Is 60 a factor of 837561?
False
Is 29 a factor of 429287?
True
Is 328200 a multiple of 4?
True
Does 24 divide 74238?
False
Does 133 divide 219317?
True
Does 169 divide 3372902?
True
Does 4 divide 277364?
True
Is 126672 a multiple of 29?
True
Is 26 a factor of 100828?
True
Does 134 divide 173798?
True
Does 512 divide 6097408?
True
Is 228446 a multiple of 53?
False
Does 77 divide 407715?
True
Does 40 divide 236359?
False
Does 188 divide 370924?
True
Is 59 a factor of 488874?
True
Does 148 divide 158656?
True
Is 125 a factor of 749?
False
Does 17 divide 372142?
False
Is 5853658 a multiple of 83?
True
Is 2675086 a multiple of 34?
True
Does 480 divide 1643821?
False
Does 202 divide 618646?
False
Is 8049722 a multiple of 31?
False
Is 353 a factor of 58951?
True
Is 27 a factor of 377131?
False
Does 25 divide 309413?
False
Is 733 a factor of 1010086?
False
Does 103 divide 325995?
True
Does 138 divide 459954?
True
Is 9063970 a multiple of 5?
True
Does 2771 divide 4020721?
True
Is 4 a factor of 464972?
True
Is 3092344 a multiple of 316?
False
Is 91 a factor of 115294?
False
Does 26 divide 1760264?
False
Does 4 divide 709794?
False
Does 64 divide 1122624?
True
Does 12 divide 2269908?
True
Does 13 divide 1318928?
True
Is 172662 a multiple of 21?
True
Is 393 a factor of 1759796?
False
Does 16 divide 2119856?
True
Is 4 a factor of 539044?
True
Is 689 a factor of 95806?
False
Does 7 divide 22546?
False
Is 119438 a multiple of 61?
True
Is 2609004 a multiple of 11?
False
Does 188 divide 5273254?
False
Does 587 divide 4160656?
True
Is 16945 a multiple of 2?
False
Does 1542 divide 8917005?
False
Is 2513009 a multiple of 1166?
False
Is 4 a factor of 3417146?
False
Is 11 a factor of 563376?
True
Is 14 a factor of 220118?
False
Is 979386 a multiple of 302?
True
Is 34 a factor of 24990?
True
Is 36 a factor of 1414512?
True
Is 866606 a multiple of 114?
False
Does 4 divide 1078111?
False
Does 16 divide 821128?
False
Is 3933738 a multiple of 27?
True
Is 5 a factor of 1075905?
True
Is 362 a factor of 131610?
False
Does 187 divide 5281466?
False
Is 194 a factor of 155001?
False
Is 13 a factor of 1116297?
True
Is 1050308 a multiple of 95?
False
Is 3125735 a multiple of 4?
False
Does 253 divide 4416?
False
Does 21 divide 402423?
True
Does 61 divide 494100?
True
Is 53172 a multiple of 84?
True
Does 10 divide 46499?
False
Does 373 divide 1719530?
True
Does 276 divide 3842472?
True
Is 85500 a multiple of 60?
True
Is 46 a factor of 4757550?
True
Is 66804 a multiple of 38?
True
Does 158 divide 2057559?
False
Does 22 divide 93170?
True
Is 157 a factor of 1381706?
False
Is 844258 a multiple of 104?
False
Is 116513 a multiple of 289?
False
Is 4 a factor of 83283?
False
Is 31 a factor of 22133535?
True
Does 104 divide 624?
True
Is 237367 a multiple of 434?
False
Does 1050 divide 11758950?
True
Does 49 divide 188062?
True
Is 12 a factor of 99312?
True
Is 1997 a multiple of 4?
False
Does 35 divide 76461?
False
Is 22 a factor of 2040808?
True
Does 7 divide 14819?
True
Is 29 a factor of 65934?
False
Is 943135 a multiple of 132?
False
Does 4 divide 731734?
False
Is 8223120 a multiple of 1620?
True
Is 253265 a multiple of 57?
False
Is 11 a factor of 20979?
False
Is 6 a factor of 100717?
False
Is 3 a factor of 1362333?
True
Is 41 a factor of 124424?
False
Is 12939 a multiple of 27?
False
Is 2267630 a multiple of 13?
False
Is 447 a factor of 73308?
True
Is 2008521 a multiple of 16?
False
Does 197 divide 1744632?
True
Does 225 divide 295152?
False
Is 44538 a multiple of 3?
True
Is 1128 a factor of 7216944?
True
Is 17 a factor of 250138?
True
Is 568 a factor of 1411785?
False
Is 29 a factor of 1486656?
True
Is 32539 a multiple of 16?
False
Is 59318 a multiple of 4?
False
Is 1033272 a multiple of 621?
False
Is 173 a factor of 113142?
True
Does 138 divide 63204?
True
Is 52 a factor of 2360226?
False
Is 32446 a multiple of 13?
False
Is 1402548 a multiple of 228?
False
Is 226 a factor of 1480978?
True
Is 136339 a multiple of 4?
False
Is 51892 a multiple of 102?
False
Does 1403 divide 14427397?
False
Does 6 divide 137611?
False
Is 5 a factor of 16551?
False
Does 725 divide 210975?
True
Does 10 divide 235620?
True
Is 4 a factor of 841670?
False
Is 3690753 a multiple of 275?
False
Is 38 a factor of 10640?
True
Is 722890 a multiple of 449?
True
Is 59 a factor of 5231412?
True
Is 4627635 a multiple of 205?
False
Does 7 divide 195485?
False
Is 4 a factor of 1228400?
True
Does 5 divide 91338?
False
Does 13 divide 8511996?
False
Does 593 divide 164187?
False
Does 20 divide 9780?
True
Is 292 a factor of 1460?
True
Is 1091501 a multiple of 600?
False
Is 185 a factor of 1839673?
False
Is 2294854 a multiple of 84?
False
Is 997675 a multiple of 5?
True
Does 206 divide 319918?
True
Is 139911 a multiple of 41?
False
Is 143 a factor of 1895322?
True
Does 34 divide 452239?
False
Is 105241 a multiple of 654?
False
Is 2555670 a multiple of 5?
True
Is 1135238 a multiple of 26?
True
Is 50069 a multiple of 43?
False
Is 71 a factor of 7415098?
True
Is 436272 a multiple of 48?
True
Does 10 divide 20850?
True
Is 1338047 a multiple of 66?
False
Is 8 a factor of 364776?
True
Is 64 a factor of 5891840?
True
Does 8 divide 65911?
False
Is 783312 a multiple of 48?
True
Is 29566 a multiple of 66?
False
Does 1882 divide 3107182?
True
Is 228837 a multiple of 261?
False
Does 8 divide 953024?
True
Does 33 divide 58410?
True
Is 115 a factor of 1368394?
False
Is 158 a factor of 280333?
False
Is 22940 a multiple of 124?
True
Is 214 a factor of 15761314?
True
Does 470 divide 497260?
True
Is 7038549 a multiple of 266?
False
Does 5 divide 25640?
True
Is 418768 a multiple of 112?
True
Does 82 divide 56006?
True
Is 16 a factor of 1292353?
False
Is 97000 a multiple of 11?
False
Does 21 divide 159264?
True
Is 6 a factor of 197418?
True
Is 1753092 a multiple of 38?
True
Does 169 divide 2044900?
True
Is 68406 a multiple of 39?
True
Does 21 divide 485301?
False
Is 1481022 a multiple of 29?
False
Is 46 a factor of 877818?
True
Is 44187 a multiple of 13?
True
Is 1042 a factor of 43